is divided by u?
12
Suppose -5*l - 1473 = -50*l + 2982. What is the remainder when 612 is divided by l?
18
Let j = 40 + -40. Suppose 4*n - 2*n - 5*v - 43 = j, 0 = 3*n + 4*v - 30. Calculate the remainder when (3 - 26/(-8))*4/1 is divided by n.
11
Suppose -5*c + 14 = -3*j, 0 = 16*c - 19*c - j + 14. Calculate the remainder when 442 is divided by 7 + 2 + 12/c.
10
Suppose -5*x + 660 = 4*r, 6*x - 111 = 5*x - 5*r. What is the remainder when 1481 is divided by x?
121
Calculate the remainder when 5726 is divided by 14844/13 + (-1280)/(-8320).
16
Let s(a) = a**3 - 12*a**2 - 25*a + 97. What is the remainder when s(17) is divided by 35?
32
Let u(k) = 25*k + 0 - 24*k + 8. Let i be u(24). Suppose -n + 8 = -i. Calculate the remainder when n is divided by 21.
19
Suppose -127*p = -113*p - 644. Suppose 4*m = -4*f + 616, -p - 120 = -f - 4*m. What is the remainder when f is divided by 48?
6
Suppose 0 = 3*u + 3*i - 114, -3*u + 158 = 5*i + 48. Let f be (-15)/u + (-141)/8. Calculate the remainder when 38 is divided by 26*(2 - f/(-12)).
12
Suppose -214 = -z - 2*v, 0*v + 2*v + 4 = 0. Let x = z + -156. Suppose -f = -5*k + 66, -k - 2*f = 3*k - 50. What is the remainder when x is divided by k?
10
Suppose 0 = 22*v - 17*v + 4*n - 67, v = 4*n + 23. What is the remainder when 127 is divided by v?
7
Suppose -11*q - 2*z - 46 = -14*q, 0 = -3*q - 2*z + 38. Let t be (4 - 1)/(3/4). Let c(i) = 2*i**2 + 7*i - 6. Calculate the remainder when c(t) is divided by q.
12
What is the remainder when 130569/1065 - 4/(20/3) is divided by 55?
12
Let h = -1762 + 2481. What is the remainder when h is divided by (-4)/10 - (-1936)/40?
47
What is the remainder when 588 is divided by (783/(-72))/(-29)*48?
12
Let p = 11013 + -10424. What is the remainder when p is divided by 135?
49
Let u(i) = 36*i**2 + i + 1. Let r be u(-1). Let j = 79 - r. What is the remainder when j is divided by 10 - 0 - (4 - 9)?
13
Suppose 5*w - 164 + 16 = -4*c, -w + 4 = 0. Calculate the remainder when ((-297)/891)/((-3)/1143) is divided by c.
31
Let k be (-808)/(-7) - (-36)/63. Let r be (0 + 1 - -1) + 48. Suppose -3*w + 9 = 0, k + r = 2*s + 4*w. What is the remainder when s is divided by 26?
25
Suppose 5*d = 5, -2*d + 3 = o - 3*d. Suppose -23 = -o*t + 29. What is the remainder when 100 is divided by t?
9
Let n = 213 + -218. What is the remainder when 100 is divided by 738/45 - (-1)/n*-3?
15
What is the remainder when 804 is divided by (6/(-5))/(429/(-71500))?
4
Suppose 42 = 3*c - 180. Suppose -2*a + 120 = -a. Calculate the remainder when a is divided by ((-111)/c)/((-242)/(-124) - 2).
27
Let y = -18664 + 22016. Calculate the remainder when y is divided by 18.
4
Suppose 4*o - 122 = -2*w + 4*w, 3*o - 94 = -w. Let c(h) = -h**3 + 4*h**2 + 22*h + 54. What is the remainder when c(7) is divided by o?
30
Let y be ((-52)/182)/(2/(-21)). Suppose t + 90 = 3*t. Calculate the remainder when t is divided by (5 - 7) + 28 - y.
22
What is the remainder when ((-7)/(-14))/(0 + -1) + 5814/12 is divided by 17?
8
Let j = -68 + 72. Suppose -j*x - 4 = -o + 3, 4*x - 16 = 0. What is the remainder when (-15)/5*120/(-9) is divided by o?
17
Let b(v) be the third derivative of -v**6/60 + 3*v**5/20 - v**4/12 - 5*v**2 - 6. Calculate the remainder when 61 is divided by b(3).
19
Let q be 1179/51 + (-4)/34. Suppose 0 = 4*k + q - 59. What is the remainder when 168 is divided by k?
6
Suppose 363*f = 25*f + 278174. Calculate the remainder when f is divided by 409.
5
What is the remainder when 821 is divided by 195/3 - (15/(-50) - (-143)/110)?
53
Suppose -20*p = -5725 - 1095. What is the remainder when p is divided by 52?
29
Let v be ((-1326)/(-4) - 3) + (-6)/(-4). What is the remainder when (-3)/(-6) - v/(-4) is divided by 24?
11
Let r(m) = 3*m**2 + 16*m + 537. Calculate the remainder when r(23) is divided by 24.
20
Suppose 5*x - 471 = j, -93 = -x + j - 2*j. Let s = 48 + -46. Calculate the remainder when x is divided by 1363/58 + s/4.
22
Let z(x) = -2*x**3 + 14*x**2 - 6*x - 2. Let v(i) = -i**3 + 22*i**2 + 241*i + 35. What is the remainder when v(30) is divided by z(6)?
31
Suppose 930 = 114*q - 108*q. Calculate the remainder when q is divided by 60.
35
Let r(w) = 16*w - 334. Let g be r(31). Suppose 0 = 66*z - g - 630. Let c(a) = a + 8. Calculate the remainder when z is divided by c(-5).
0
Let u = 16473 + 5279. Calculate the remainder when u is divided by 73.
71
Let p(q) = 299*q + 4324. Calculate the remainder when 1352 is divided by p(-13).
41
Let y = -6 - -9. Suppose 0 = -y*a - 5*s + 40, 0 = -3*s + 7 - 1. Suppose 3*t = -3*d + 78, -4*t = d + 42 - 47. What is the remainder when d is divided by a?
3
Suppose 2*j - 5*j = -3, 5*j = 2*g - 129. Suppose n - g = -40. What is the remainder when 53 is divided by n?
26
Suppose 0 = 47*j - 14*j - 957. Suppose 539 - 1728 = -j*r. Calculate the remainder when r is divided by 12.
5
Suppose -17*f = -18 - 16. Suppose f*a = -b + 2*b + 12, a + 5*b = 17. What is the remainder when (41/(-2))/((-2)/4) is divided by a?
6
Let i(m) = -2*m**3 - 23*m**2 - 7*m - 21. Let t be i(-7). Let x = 600 + t. Calculate the remainder when x is divided by 42.
19
Let f(i) = -i**3 - 8*i**2 + 8*i - 10. Let u be f(-9). What is the remainder when 43 is divided by -2*10/(u/(3/4))?
13
Let d = -19038 - -19184. What is the remainder when 7151 is divided by d?
143
Let y = -359 - -359. Suppose o + 2*g + 46 - 187 = 0, -2*o + 3*g + 247 = y. Calculate the remainder when o is divided by 5.
1
Calculate the remainder when 1016 is divided by (32/(-20))/((-6)/(-930))*(-1 - 1).
24
Let b(i) = i**3 - 18*i**2 - i + 23. Let u be b(18). Suppose 2*n = q - 157 + 22, 438 = 3*q + u*n. Calculate the remainder when q is divided by 1417/78 + (-2)/12.
15
Suppose -3*j + 3*g = -g - 128, -3*g + 114 = 3*j. Suppose 8*h - j = 4*h. Let x = 53 - h. What is the remainder when x is divided by 15?
13
Let i = 1193 - 1147. What is the remainder when (-6 - -4) + 1*90 is divided by i?
42
Suppose 2*x - 332 = -5*i, 5*x = -2*i - 156 + 1007. Calculate the remainder when 746 is divided by x.
62
Let i(q) be the second derivative of 8*q**3/3 + 26*q. Calculate the remainder when i(2) is divided by 20.
12
Let p be 14/(-21)*(5/(-1) + 2). Suppose 5*f - k = p*f + 4, -5*f = -5*k. Suppose 3*i = f + 7. What is the remainder when 12 is divided by i?
0
Suppose -2*a + 1881 = z + 1833, -a = 2*z - 39. Suppose 2*c - 4*q - 423 = 85, 5*c - 1330 = -2*q. Calculate the remainder when c is divided by a.
17
Let v(x) = x**3 + 4*x**2 - 20. Let l be v(-6). Let z = -85 - l. Suppose -2*q + 10 + 44 = 0. Calculate the remainder when q is divided by z.
6
Suppose 676*j - 677*j + h + 234 = 0, 4*j + 5*h = 1017. Calculate the remainder when j is divided by 12.
3
Let s(m) = -m**3 + 9*m**2 - 6*m - 10. Let d be s(8). Suppose w - 34 = -d. Calculate the remainder when 27 is divided by w/3 - 8/(-12).
7
Let h = 51 + -22. Suppose 42*k + 4802 = 120*k - 4012. What is the remainder when k is divided by h?
26
Let w = 119 - 57. Suppose -22 = 2*s - w. Let o = 542 - 465. Calculate the remainder when o is divided by s.
17
Suppose 2*l + 843 = 5*b, 23 = -2*b + 2*l + 365. Calculate the remainder when b is divided by 1 + -2 - (-13 - 0).
11
Let x(i) = 2*i**3 + 46*i**2 - 64*i - 244. Calculate the remainder when 2236 is divided by x(-24).
136
Let z = -130 - -128. What is the remainder when 26/((12/(-60))/(z/4)) is divided by 24?
17
Suppose -3*y + 5*g = -8*y + 60, y - 20 = -5*g. Calculate the remainder when 446 is divided by y.
6
Let m be 124*(13/4 - 0). Suppose l - z - z - 116 = 0, 0 = 3*l + 5*z - m. Suppose 0*k - 7*k = -l. What is the remainder when 71 is divided by k?
17
Let s(m) = 7*m - 14. Suppose 3*l + 5*l = 32. What is the remainder when s(l) is divided by 5?
4
Let t(w) = -w**2 + 33*w + 44. Let r be t(36). Let z = r + 105. What is the remainder when z is divided by 5?
1
Let p = 11 - 3. Suppose 9*k - 125 + p = 0. Calculate the remainder when 220/8*(-12)/(-10) is divided by k.
7
Suppose 16*h - 152 = 24. Suppose -1 - 11 = -n - 2*z, 2*z = 3*n - 20. What is the remainder when h is divided by (-9 + n)/(2/(-8))?
3
Let c(x) = -300*x - 10611. What is the remainder when 1469 is divided by c(-37)?
2
What is the remainder when 879 is divided by -6 - ((-90 - (-3 - -2)) + 6)?
32
Let w = -10874 - -11483. What is the remainder when w is divided by 101?
3
Let k = -7602 - -